at is l(8)?
-6
Let y(z) = z**3 + 27*z**2 - 9*z - 64. What is y(-27)?
179
Let j(u) = -u**3 - 29*u**2 - 195*u + 79. Calculate j(-10).
129
Let r(w) = w**2 - 14*w + 35. Give r(12).
11
Let u(y) = -3959*y - 23763. Calculate u(-6).
-9
Let s(b) = 7*b**2 - 42*b - 9. Give s(6).
-9
Let y(p) = 3*p**2 - 41*p + 5. Give y(13).
-21
Let f(b) = -1472*b + 138395. What is f(94)?
27
Let z(f) = -141*f**3 + 5*f**2 + 27*f + 38. What is z(-2)?
1132
Let c(z) = 3*z**3 + 107*z**2 - 138*z - 3680. Calculate c(-36).
-8
Let j(s) = -s**2 + 281*s - 2710. Determine j(10).
0
Let j(v) = 195*v + 5036. Calculate j(-26).
-34
Let g(s) = -11*s**3 - 5*s**2 - 15*s + 16. Determine g(1).
-15
Let a(w) = 44*w + 2262. Give a(-74).
-994
Let y(t) = 7*t**2 - 26*t + 112. Calculate y(8).
352
Let l(r) = r**3 - 15*r**2 + 28*r. Give l(4).
-64
Let x(p) = -p**3 + 13*p**2 - 38*p - 25. What is x(10)?
-105
Let n(b) = -b**2 - 285*b - 3801. Determine n(-14).
-7
Let k(p) = 13*p**2 + 828*p + 1655. Determine k(-2).
51
Let u(j) = j**3 + 26*j**2 + 120*j + 307. What is u(-21)?
-8
Let g(q) = 7*q**2 - 376*q - 1133. Give g(-3).
58
Let c(m) = m**3 - 94*m**2 + 82*m + 1042. Give c(93).
19
Let c(m) = m**3 + 80*m**2 - 516*m - 27. Determine c(-86).
-27
Let j(f) = 8*f**2 - 1243*f - 2510. What is j(-2)?
8
Let v(n) = -4*n**3 - 88*n**2 + 4*n + 33. Give v(-22).
-55
Let i(g) = 8*g**2 - 148*g - 433. Give i(-3).
83
Let p(s) = -s**3 - 13*s**2 + 12*s + 116. What is p(-9)?
-316
Let a(u) = -18*u**2 + 167*u + 334. Calculate a(-2).
-72
Let d(o) = -8*o**2 + 8*o - 45. Calculate d(0).
-45
Let v(y) = -4*y**3 - 6*y**2 + 8. What is v(-4)?
168
Let v(i) = -i**3 - 6*i**2 - 20*i - 64. Give v(-4).
-16
Let u(l) = -l**3 + 110*l**2 - 109*l + 56. Calculate u(109).
56
Let o(f) = f**3 - 18*f**2 - 53*f + 646. Give o(19).
0
Let w(t) = 37*t**2 + 430*t - 51. Give w(-12).
117
Let d(w) = -w**3 - 9*w**2 + 59*w + 9. Calculate d(5).
-46
Let b(w) = -6*w**2 + 7*w + 16. Determine b(-6).
-242
Let z(k) = 5*k**3 + 42*k**2 + 4*k + 120. What is z(-9)?
-159
Let m(c) = -52*c + 3127. Give m(60).
7
Let c(q) = q**3 - 15*q**2 - 60*q - 4. Give c(18).
-112
Let h(p) = -118*p + 2610. Determine h(22).
14
Let i(l) = -323*l + 5929. Calculate i(17).
438
Let i(y) = -21*y**3 + 8*y**2 + 30. Determine i(3).
-465
Let g(s) = s**3 - 17*s**2 - 25*s + 649. Determine g(16).
-7
Let a(w) = -w**3 - 39*w**2 + 286*w - 91. Determine a(6).
5
Let b(s) = -s**3 - 4*s**2 + 168*s + 60. Give b(-15).
15
Let b(p) = p**3 + 10*p**2 + 205*p + 2378. Calculate b(-11).
2
Let j(t) = 43*t**3 - 4*t**2 + 24*t - 24. Give j(1).
39
Let y(o) = -6*o**2 + 26*o + 1. Calculate y(-3).
-131
Let j(c) = -18*c - 174. What is j(-7)?
-48
Let a(y) = -y**3 - 7*y**2 - 8. Give a(-7).
-8
Let c(q) = -20*q**2 + 12*q + 9. What is c(-2)?
-95
Let p(s) = 2*s**3 - 14*s**2 + 10*s - 41. Calculate p(7).
29
Let j(n) = -n**3 - 16*n**2 - 69*n - 100. What is j(-6)?
-46
Let q(b) = 12*b**3 - 67*b**2 + 7*b - 6. Give q(6).
216
Let c(n) = -n**2 - 5*n - 11. Determine c(-3).
-5
Let w(o) = -8*o**2 - 109*o + 63. What is w(-14)?
21
Let i(y) = 8*y**2 - 54*y + 113. What is i(5)?
43
Let f(t) = -t**3 - 14*t**2 - 23*t - 2. What is f(-2)?
-4
Let c(t) = -8*t**3 - 191*t**2 + 29*t + 124. What is c(-24)?
4
Let w(y) = 309*y - 5875. Give w(19).
-4
Let b(s) = -3*s - 143. Give b(-7).
-122
Let m(i) = -i**3 + 10*i**2 + 20*i + 43. Determine m(9).
304
Let g(p) = 254*p - 75950. Determine g(299).
-4
Let f(a) = -12*a**2 + 181*a + 133. Give f(16).
-43
Let f(r) = -r**2 - 170*r - 1582. Determine f(-10).
18
Let y(r) = 12*r**3 - r**2 - 2*r - 1. Calculate y(-2).
-97
Let x(y) = 277*y + 962. Determine x(-4).
-146
Let k(y) = 2*y**2 + 179*y - 1962. What is k(10)?
28
Let h(m) = -71*m - 566. Determine h(-8).
2
Let z(g) = g**2 - 24*g + 68. Calculate z(5).
-27
Let u(y) = 333*y - 3326. What is u(10)?
4
Let o(f) = 27*f - 175. Determine o(6).
-13
Let q(p) = 21*p + 522. Calculate q(-25).
-3
Let x(o) = -o**3 + 5*o**2 + 34*o + 12. Calculate x(-4).
20
Let b(g) = g**2 - 9*g - 15. Give b(9).
-15
Let z(i) = 397*i + 11663. Determine z(-29).
150
Let b(u) = 5*u**2 + 430*u + 843. Determine b(-84).
3
Let l(b) = 12*b**2 - 217*b + 26. What is l(18)?
8
Let w(l) = 73*l**2 - l + 26. Determine w(0).
26
Let o(u) = 51*u - 110. Determine o(6).
196
Let h(g) = 63*g - 51. Give h(-2).
-177
Let f(y) = -537*y + 4284. Give f(8).
-12
Let y(c) = -c**3 + c**2 + 11*c - 10. Determine y(-4).
26
Let d(k) = -2*k**3 - 139*k**2 - 333*k + 85. What is d(-67)?
-49
Let z(q) = -2*q**2 + 23*q - 89. Determine z(6).
-23
Let y(b) = 3*b**2 - 18*b + 58. Give y(3).
31
Let t(l) = -l**3 + 6*l**2 + 7*l + 49. What is t(8)?
-23
Let c(f) = -f**3 + 65*f**2 - 677*f + 46. Determine c(52).
-6
Let k(y) = 10*y + 49. Determine k(-2).
29
Let w(m) = -m**3 + 27*m**2 - 28*m + 42. Give w(26).
-10
Let c(h) = h**3 + 61*h**2 - 59*h + 192. Determine c(-62).
6
Let s(c) = c**2 - 93*c + 166. What is s(85)?
-514
Let l(d) = -1595*d + 6362. Calculate l(4).
-18
Let m(t) = 59*t**2 + 938*t + 13. Give m(-16).
109
Let g(s) = 303*s - 14848. Determine g(49).
-1
Let x(f) = f**3 + 23*f**2 + 38. What is x(-23)?
38
Let o(f) = -2*f**2 + 23*f + 9. Give o(0).
9
Let g(i) = 113*i - 513. What is g(5)?
52
Let v(u) = 213*u - 2913. What is v(14)?
69
Let w(k) = 3*k**2 - 922. What is w(18)?
50
Let t(r) = 3*r**2 + 22*r + 2. Determine t(-10).
82
Let g(l) = 3*l**2 + 86*l + 242. What is g(0)?
242
Let j(h) = -23*h**2 + 196*h + 1546. What is j(-5)?
-9
Let f(t) = 9*t + 146. Determine f(-5).
101
Let u(s) = s**2 + 687*s + 6109. Determine u(-9).
7
Let w(o) = -o**2 + 3983*o + 3981. What is w(-1)?
-3
Let l(x) = -2*x**3 - 28*x**2 - 5*x - 52. Calculate l(-14).
18
Let z(y) = 91*y - 312. Determine z(4).
52
Let m(b) = -b**3 + 16*b**2 + 116*b - 718. Determine m(20).
2
Let k(p) = -6*p**2 + 126*p - 42. Give k(21).
-42
Let j(b) = 2*b**2 + 69*b - 75. Give j(-19).
-664
Let f(v) = -3*v**2 - 208*v - 2431. What is f(-15)?
14
Let g(h) = -2*h**3 + 26*h**2 + 3*h - 208. Determine g(13).
-169
Let n(c) = 649*c + 31163. Determine n(-48).
11
Let j(c) = -330*c + 4614. Calculate j(14).
-6
Let c(h) = -h**2 + 17*h + 167. Calculate c(24).
-1
Let w(x) = -14*x - 543. Determine w(-51).
171
Let g(r) = -255*r + 10128. Calculate g(40).
-72
Let f(s) = 107*s - 6300. Calculate f(59).
13
Let s(w) = 4*w**3 + 7*w**2 - w - 3. Determine s(3).
165
Let s(c) = 78*c - 1417. Give s(18).
-13
Let y(v) = -v**3 - 11*v**2 + 2*v + 6. Determine y(-11).
-16
Let a(h) = -h**3 - 43*h**2 - 39*h + 102. Determine a(-42).
-24
Let n(i) = -i**2 + 127*i - 1972. Calculate n(18).
-10
Let i(r) = 6*r**2 - 251*r + 664. Give i(39).
1
Let j(d) = d**2 + 3511*d + 31509. Calculate j(-9).
-9
Let c(f) = -74*f**2 + 49*f + 153. Calculate c(-3).
-660
Let g(i) = -i**2 + 10*i. Give g(4).
24
Let p(w) = 2*w**2 + 130*w - 418. Give p(-68).
-10
Let l(d) = 17*d - 353. What is l(20)?
-13
Let a(t) = -t**2 - 67*t - 937. Give a(-41).
129
Let u(n) = -18*n - 626. Give u(-33).
-32
Let y(m) = 57*m - 948. Calculate y(20).
192
Let k(x) = -30771*x - 184621. Give k(-6).
5
Let z(m) = -m**2 - 170*m + 986. What is z(6)?
-70
Let d(w) = -w**2 + 3107*w - 92318. Give d(30).
-8
Let u(p) = -189*p - 4350. Calculate u(-23).
-3
Let n(g) = -2*g**3 + 21*g**2 + 26*g + 7. What is n(11)?
172
Let t(h) = 7*h + 25. Give t(5).
60
Let z(j) = -373*j + 41029. Calculate z(110).
-1
Let v(a) = 3*a**2 - 7*a - 28. Determine v(-2).
-2
Let b(o) = 85*o - 38. What is b(5)?
387
Let l(i) = 3*i**3 + 49*i**2 + 60*i + 21. Calculate l(-15).
21
Let s(i) = -i**3 + 14*i**2 - 24*i - 136. Determine s(11).
-37
Let g(m) = -m**3 + 9*m**2 - 2*m - 35. Give g(8).
13
Let v(z) = 117*z - 1666. Determine v(13).
-145
Let c(x) = -3*x**2 + 213*x + 4806. What is c(89)?
0
Let l(s) = -152*s + 431. Give l(0).
431
Let h(n) = 354*n + 1078. What is h(-3)?
16
Let f(v) = v**2 - 259*v - 6488. What is f(-23)?
-2
Let o(c) = 3*c**3 - 14*c**2 + 33*c - 17. Determine o(7).
557
Let c(t) = -2*t**3 + 50*t**2 - 43. Give c(25).
-43
Let f(i) = 4*i**2 - 40*i + 114. Calculate f(6).
18
Let y(a) = 688*a - 4121. Calculate y(6).
7
Let q(s) = -7*s - 246. Determine q(-21).
-99
Let l(s) = 21*s - 1277. What is l(49)?
-248
Let i(o) = -307*o - 7671. Calculate i(-25).
4
Let k(c) = 13*c - 812. Calculate k(62).
-6
Let l(b) = -13*b**2 - 305*b - 74. Give l(-23).
64
Let f(i) = 4920*i - 2. Calculate f(0).
-2
Let x(c) = -c**2 - 88*c - 1499. Determine x(-23).
-4
Let r(w) = -2*w**2 + 68*w + 423. G